 0 = t*f + 16 - 64. What is the tens digit of f?
2
Let p = 2469 + -1081. What is the units digit of p?
8
Let x(j) = 39*j**2 - 3*j - 4. What is the hundreds digit of x(-3)?
3
Let d be 8/(-6)*21/(-14). Suppose d*w = -5*r + 46, 4*w = 5*r - 10*r + 82. Suppose w + 5 = t + 5*l, -2*t - 5*l = -31. What is the units digit of t?
8
Suppose 0 = -u - u + k + 19, 0 = -4*u - 4*k + 32. Let p = 9 - 9. Let r = u - p. What is the units digit of r?
9
Let w = 4879 - 1669. What is the tens digit of w?
1
Let k = -12 - -15. Suppose 4*d - 575 - 208 = -5*m, -k*d + 786 = 5*m. What is the units digit of m?
9
Let o = -850 + 2839. Suppose -13*s + o = -4*s. What is the units digit of s?
1
Let z(j) = -3*j - 3. Let n(v) = -2*v**2 - v + 1. Let f be n(2). Let m be (12/f + 2)*-3. What is the units digit of z(m)?
3
Let n(j) = j**2 - 2*j - 3. Let g be n(-9). Suppose -7*v + 3*v + g = 0. Suppose -2*i + v = i. What is the units digit of i?
8
Suppose 5*t - 6*t = -58. Suppose -2*v + 58 = -t. What is the tens digit of v?
5
Let j = 1973 + -1070. What is the units digit of j?
3
Suppose 12*n + 4 = 16*n. What is the units digit of ((12/(-5))/n)/(4/(-30))?
8
Let j(t) = 4*t**2 + 17*t - 9. Let b(q) = -5*q**2 - 18*q + 10. Let h(p) = -5*b(p) - 6*j(p). Let d be h(12). What is the tens digit of d/6 - (-490)/21?
2
Let x = -15 + 26. Let l = 21 + -19. Suppose -l*s + 9 = -x. What is the tens digit of s?
1
Suppose -846 = -3*g + 4*y, 0 = 5*g + 5*y + 235 - 1645. What is the units digit of g?
2
Let p = 17 + -5. Suppose p = 5*o - 3. Suppose 4*b - 82 = o*v - 5*v, -3*b + 54 = -v. What is the units digit of b?
9
Suppose -141 = t - 19. Let y = t - -220. What is the units digit of y?
8
Suppose 3*k + 3*b = 4*k + 1, -b = k - 7. Let x(t) = 21*t - 2. What is the units digit of x(k)?
3
Suppose 3*c + 4*b + 24 = c, c - 5*b = 2. What is the tens digit of ((-126)/c)/(3/32)?
6
Let w = -55 + 55. Suppose w = 4*l - 137 - 59. What is the units digit of l?
9
Let x(p) = -p. Let u(o) = 5*o**2 + 3*o - 7. Let c(f) = u(f) - 2*x(f). What is the units digit of c(-5)?
3
Let c(a) = -a**3 + 6*a**2 + 2*a + 5. Let k(b) = b**2 + 11*b - 5. Let l be k(-12). Let j be c(l). What is the tens digit of 36/(-5)*j/9?
2
Suppose 3*c = 28 + 11. Suppose v - 24 = 4*x, 2*v - 7 - c = x. Let i = 9 - v. What is the units digit of i?
1
Suppose -5 = -0*n + 5*n. What is the tens digit of 4/(-2) - (n - (6 - -152))?
5
What is the tens digit of (9732/(-240)*12)/((-3)/10)?
2
Suppose -2*k - 4 = -4*k. What is the units digit of k/(-3) - (-92)/3?
0
Suppose 0 = 7*f - 3*f - 172. Let b be 4/(-14) + (-80)/14. Let i = f - b. What is the units digit of i?
9
Let z be 1*1/4 - (-3)/(-12). Suppose -i + 2*c - 6 = -84, z = -4*i + 3*c + 317. What is the units digit of i?
0
Suppose 0 = -4*x - 5*n + 7864 + 7553, 5*x + 3*n = 19268. What is the units digit of x?
3
Let c be (-8)/((-12)/3) + -85. Let x = -43 - c. Suppose 3*t + 17 + 7 = 3*b, -5*b = t - x. What is the units digit of b?
8
Suppose -5*q + 90 = -0*q. Let s be (q/(-4))/1*6. Let o = s + 50. What is the tens digit of o?
2
Suppose -38*w + 135555 = -3*w. What is the thousands digit of w?
3
Suppose 6 = 3*x - 3*t, 3*x - 4*t - 6 = 4. What is the units digit of (-19 - -3)*x/4?
8
Suppose 5*b - 232 = 4*s, -s = -6*b + b + 73. Let o = -11 - s. What is the units digit of o?
2
Suppose -14*g = 5*g - 39007. What is the units digit of g?
3
Let c(n) = 3*n**2 + 5*n + 2. Let d be c(5). What is the hundreds digit of (0 + 6)/(-3) + d?
1
Let r = -73 + 41. Let w be 8/r + 9/4. Suppose 0*h - 3*h + w*v = -44, 0 = -2*h - v + 20. What is the tens digit of h?
1
Suppose -4*i - 2973 + 9957 = 2*m, -5*m = -4*i + 6956. What is the tens digit of i?
4
Let r(z) = z**3 - 6*z**2 + 27*z + 2. What is the thousands digit of r(16)?
2
Let f be (-2 - 4) + 2 + 11. Let z(x) = -x - 16 + 8*x - 3*x. What is the tens digit of z(f)?
1
Suppose 313 = 2*i - 5*x - 621, 2*i + 5*x - 954 = 0. What is the hundreds digit of i?
4
What is the thousands digit of (-19)/38*(-5076 + (-2)/(-1))?
2
Suppose 4696*v + 1407 = 4703*v. What is the tens digit of v?
0
Suppose -167 = 3*f - 791. Let w = f + -116. What is the units digit of w?
2
Let o(q) = 2*q**3 - 10*q**2 - 14*q + 6. What is the tens digit of o(9)?
2
Let l = 2088 + 134. What is the hundreds digit of l?
2
Let i(m) = -3*m**2 + 4*m + 2. Let v be i(4). What is the tens digit of -2 - (-4 + 3) - v?
2
Let o(k) = k**2 - 1. Let l be o(1). Suppose l = 5*y - y. Suppose -5*s + 65 = -y*s. What is the tens digit of s?
1
Let t(x) = x**2 + 6*x - 8. Let g be t(-7). Let m be g/(-1)*(-5 + 21). Let h = -11 + m. What is the units digit of h?
5
Let w be ((-3)/1 + 18)/3. Suppose -w*f + 252 = 3*t, 3*t + 2*f = -t + 336. What is the units digit of t?
4
Let d = 14 - 9. Let v be -1 - (d + 0/1). What is the units digit of (4/v)/(7/(-210))?
0
Suppose 5*p + 51 = 4*m, -2*m + 6*m - p = 55. What is the tens digit of 42/4*1*m?
4
Suppose 2*n + 3*u = -7, -3*u - 35 = -10*n + 5*n. Let k = 626 - 442. Suppose -n*w - 68 = -k. What is the units digit of w?
9
Let k(c) = -c**2 - 1. Let t(x) = 21*x**2 - 5*x + 5. Let o(i) = 4*k(i) + t(i). What is the tens digit of o(2)?
5
Let f(k) = -2*k**2 - k - 6. Let g be f(-6). What is the units digit of ((-2)/6)/(2/g)?
2
Suppose 0 = -5*y - 559 - 716. Let o = -175 - y. What is the units digit of o?
0
Let h be (-20)/120 - ((-782)/12 - 0). Let n = h - 21. What is the units digit of n?
4
Let v = 1272 + 335. What is the thousands digit of v?
1
Suppose a = -4*h + 3*h + 4, 20 = -3*h + 5*a. Suppose 0*k - 4*k + 112 = h. What is the units digit of k?
8
Suppose 28 = 9*u - 2*u. Suppose -5*w - 28 = 2*i + 8, 3*i - 15 = u*w. Let k(x) = -7*x + 13. What is the tens digit of k(w)?
5
Let l be (-6 + 2)*(-2)/4. Let u(a) = 0*a**2 + 1 + 4*a**2 + l*a + 0. What is the tens digit of u(2)?
2
What is the tens digit of ((-6)/9*1)/((-58)/171129)?
6
Suppose 3*j = -n + 5*j + 9, -33 = -5*n + 4*j. Suppose -5*v = -4*u + 204, -v = -u - n*v + 72. Suppose -p + u = p. What is the units digit of p?
8
Let f(l) = 7*l**3 - 3*l + 7*l**2 - 4*l**3 + 15 - 4*l**3. Let n(a) = a**3 - 8*a**2 + 2*a - 15. Let h(i) = -3*f(i) - 4*n(i). What is the tens digit of h(11)?
2
Let a(i) = -26*i + 2. Suppose -9 = -p - 2*j, -4*j + 33 = 4*p - p. Suppose p*z = 18*z + 6. What is the tens digit of a(z)?
5
What is the units digit of 47/1 + (9 - 6) + -2?
8
What is the tens digit of (-40)/(-60)*(1899/2 - 0)?
3
Let s = 5 + -9. Suppose z = 6*z + 30. Let x = s - z. What is the units digit of x?
2
Let s be ((-12)/(-3))/((-4)/(-6)) + -3. Suppose -u - s*u + 348 = 0. What is the tens digit of u?
8
Let g be -28*((-30)/8)/3. Let u = 48 - g. What is the units digit of u?
3
Let v be 9 - (-1 + 7)/2. Let u = v + 66. What is the units digit of u?
2
Let n = 1992 - 201. What is the tens digit of n?
9
What is the hundreds digit of (37/148)/((-1)/(-4904))?
2
Suppose 0 = -7*b + 3*b + w, -3*b - 5*w = 0. Suppose b = 3*k - 4*k - u + 110, -u = -3*k + 342. What is the hundreds digit of k?
1
What is the tens digit of ((-1)/(-2)*-67)/((-376)/23312)?
7
Let m be 0 + 0 + 1 + 2/2. Suppose -2*p - 4*f = -132, 3*p + m*f - 231 = 7*f. What is the tens digit of p?
7
What is the tens digit of (-3)/(84/8) - 709/(-7)?
0
Let j be ((-1)/(-3))/((-5)/(-30)). Suppose j*b - 171 = -b. What is the units digit of b?
7
Let x(j) = -j**3 + 3*j**2 + 1. Suppose c + 0 = -3. Let d = 6 + c. What is the units digit of x(d)?
1
What is the tens digit of (56/(-10) + 0)/(30/(-75))?
1
Suppose 33 = -3*g + 153. Let o = 245 - g. What is the units digit of o?
5
Suppose n - 12 = -10. Suppose 0 = 8*i - n*i - 234. What is the units digit of i?
9
Let a(q) = 13*q**2 + 3*q + 2. Let g be a(-1). What is the tens digit of (207/g)/((-6)/(-16))?
4
Let s(m) = 2*m**3 - 13*m**2 - 2*m - 9. What is the hundreds digit of s(11)?
0
Let h(c) be the first derivative of -2*c**3/3 + 7*c**2/2 - 6*c + 6. Let i(z) be the first derivative of h(z). What is the units digit of i(-3)?
9
What is the hundreds digit of ((-76)/11 + (-16)/176)*-121?
8
Suppose -r + 5*o = -10, 5*o = -r - r - 10. Suppose r = y - 1 + 2, 3*y - 277 = -5*t. What is the tens digit of t?
5
Let h(g) = 3*g**2 - g. Let v be h(1). Let t be ((-1)/v)/((-1)/2). Suppose t = 10*z - 9*z. What is the units digit of z?
1
Let c(q) = q**3 - q**2 + q + 1. Let t be c(1). Suppose -4*k + t*k + 276 = 0. What is the units digit of k?
8
Let q = -13 + 192. 